at is the ten millions digit of 35018121?
3
What is the ten thousands digit of 196463394?
6
What is the thousands digit of 82115583?
5
What is the units digit of 2820946435?
5
What is the hundred thousands digit of 59567834?
5
What is the ten millions digit of 111348296?
1
What is the millions digit of 42065834?
2
What is the units digit of 34767917?
7
What is the millions digit of 42971776?
2
What is the thousands digit of 67702987?
2
What is the ten thousands digit of 2829872047?
7
What is the hundred millions digit of 3932559763?
9
What is the tens digit of 2981318713?
1
What is the hundreds digit of 5317136704?
7
What is the ten thousands digit of 103703416?
0
What is the tens digit of 558740823?
2
What is the hundreds digit of 231814416?
4
What is the hundred thousands digit of 187086924?
0
What is the millions digit of 80750285?
0
What is the millions digit of 122320912?
2
What is the ten millions digit of 569492379?
6
What is the hundred millions digit of 207535354?
2
What is the thousands digit of 248331936?
1
What is the thousands digit of 434454571?
4
What is the thousands digit of 438234941?
4
What is the ten thousands digit of 19707590?
0
What is the ten millions digit of 2082301276?
8
What is the thousands digit of 6854884350?
4
What is the millions digit of 28646315?
8
What is the ten millions digit of 117085959?
1
What is the hundred thousands digit of 15735985?
7
What is the hundred thousands digit of 1738251231?
2
What is the hundred thousands digit of 289265771?
2
What is the thousands digit of 136682945?
2
What is the thousands digit of 4868845674?
5
What is the tens digit of 626230796?
9
What is the units digit of 136462579?
9
What is the tens digit of 33166528?
2
What is the tens digit of 7757394?
9
What is the hundreds digit of 751140215?
2
What is the millions digit of 87651049?
7
What is the hundred millions digit of 2261981029?
2
What is the millions digit of 154722170?
4
What is the ten thousands digit of 3518491065?
9
What is the hundred thousands digit of 3475096570?
0
What is the ten thousands digit of 3659035520?
3
What is the millions digit of 5269042567?
9
What is the tens digit of 13783292?
9
What is the thousands digit of 590008268?
8
What is the millions digit of 46151910?
6
What is the thousands digit of 3786519410?
9
What is the ten millions digit of 6277671146?
7
What is the hundreds digit of 84148290?
2
What is the units digit of 158029773?
3
What is the hundreds digit of 3171983251?
2
What is the ten thousands digit of 3151472773?
7
What is the hundreds digit of 248949854?
8
What is the ten millions digit of 115012982?
1
What is the hundred thousands digit of 1253283373?
2
What is the ten millions digit of 2382747655?
8
What is the millions digit of 7706555?
7
What is the ten thousands digit of 66091167?
9
What is the hundreds digit of 1243797015?
0
What is the ten thousands digit of 54260401?
6
What is the millions digit of 37173217?
7
What is the thousands digit of 34682395?
2
What is the hundreds digit of 361456373?
3
What is the millions digit of 59529313?
9
What is the hundred thousands digit of 107194439?
1
What is the tens digit of 291151155?
5
What is the millions digit of 50124131?
0
What is the thousands digit of 422200401?
0
What is the millions digit of 10124890?
0
What is the units digit of 3324492465?
5
What is the ten thousands digit of 324568467?
6
What is the units digit of 142033084?
4
What is the thousands digit of 227329287?
9
What is the thousands digit of 932637815?
7
What is the tens digit of 337318543?
4
What is the hundred millions digit of 2264275173?
2
What is the units digit of 3353767342?
2
What is the hundred thousands digit of 12439255?
4
What is the units digit of 9036714?
4
What is the millions digit of 635876850?
5
What is the ten millions digit of 1782112905?
8
What is the hundred thousands digit of 7517615?
5
What is the millions digit of 36017575?
6
What is the units digit of 3381479745?
5
What is the hundred millions digit of 654422408?
6
What is the millions digit of 427501296?
7
What is the thousands digit of 2160856086?
6
What is the tens digit of 1133605615?
1
What is the ten thousands digit of 493410428?
1
What is the hundreds digit of 4376710148?
1
What is the thousands digit of 34703532?
3
What is the hundred thousands digit of 129453482?
4
What is the ten millions digit of 266100431?
6
What is the ten millions digit of 172217506?
7
What is the thousands digit of 85174960?
4
What is the millions digit of 16691841?
6
What is the tens digit of 819727056?
5
What is the hundreds digit of 3154220154?
1
What is the hundreds digit of 536968161?
1
What is the hundreds digit of 1421450097?
0
What is the hundred millions digit of 8316558718?
3
What is the ten millions digit of 6393241422?
9
What is the thousands digit of 174292438?
2
What is the hundred thousands digit of 76083028?
0
What is the tens digit of 18739064?
6
What is the ten thousands digit of 151654183?
5
What is the units digit of 40847763?
3
What is the hundreds digit of 55169034?
0
What is the thousands digit of 2713483486?
3
What is the hundred thousands digit of 3741173664?
1
What is the hundred millions digit of 214993463?
2
What is the ten thousands digit of 3540261959?
6
What is the ten thousands digit of 45393343?
9
What is the thousands digit of 90420759?
0
What is the tens digit of 19938800?
0
What is the ten thousands digit of 103376684?
7
What is the thousands digit of 83648829?
8
What is the tens digit of 1086366281?
8
What is the ten millions digit of 54140979?
5
What is the hundreds digit of 600879766?
7
What is the hundreds digit of 15780359?
3
What is the thousands digit of 152527953?
7
What is the millions digit of 418928981?
8
What is the millions digit of 5193238634?
3
What is the hundred thousands digit of 358362141?
3
What is the billions digit of 1442736356?
1
What is the tens digit of 2367562662?
6
What is the tens digit of 59022327?
2
What is the thousands digit of 1382893467?
3
What is the ten millions digit of 670747474?
7
What is the millions digit of 327550118?
7
What is the hundreds digit of 246786361?
3
What is the hundred millions digit of 7687109159?
6
What is the hundred millions digit of 244709374?
2
What is the hundreds digit of 2693255094?
0
What is the units digit of 6802408527?
7
What is the thousands digit of 202625169?
5
What is the ten millions digit of 162500066?
6
What is the ten millions digit of 17321242?
1
What is the hundreds digit of 599845114?
1
What is the millions digit of 65616799?
5
What is the millions digit of 525249321?
5
What is the tens digit of 485173854?
5
What is the hundred millions digit of 1408032557?
4
What is the tens digit of 526621606?
0
What is the tens digit of 17844984?
8
What is the ten thousands digit of 1472705598?
0
What is the hundred thousands digit of 100095116?
0
What is the hundreds digit of 77531006?
0
What is the ten thousands digit of 933782150?
8
What is the tens digit of 596962939?
3
What is the ten thousands digit of 69989850?
8
What is the ten millions digit of 1631836549?
3
What is the tens digit of 117986934?
3
What is the units digit of 68247025?
5
What is the millions digit of 1666937237?
6
What is the units digit of 6695287026?
6
What is the units digit of 72116095?
5
What is the hundred thousands digit of 401162152?
1
What is the thousands digit of 1214382910?
2
What is the ten thousands digit of 408131269?
3
What is the thousands digit of 164326793?
6
What is the hundreds digit of 940413358?
3
What is the hundreds digit of 27246165?
1
What is the hundreds digit of 7547202?
2
What is the tens digit of 30001055?
5
What is the thousands digit of 749381991?
1
What is the hundreds digit of 337137069?
0
What is the ten thousands digit of 33501334?
0
What is the units digit of 678865428?
8
What is the tens digit of 20070290?
9
What is the thousands digit of 433456972?
6
What is the millions digit of 481957372?
1
What is the thousands digit of 419264649?
4
What is the ten thousands digit of 643099886?
9
What is the ten millions digit of 84434472?
8
What is the ten thousands digit of 176728050?
2
What is the hundred thousands digit of 17674582?
6
What is the thousands digit of 1369545636?
5
What is the thousands digi